/(3/h) is divided by 4.
1
Suppose 3*s - 80 = -4*q, 2*q + 2*s - 30 = 3*s. Calculate the remainder when q - (-3 + 1 + 0) is divided by 11.
8
Let p(s) = s - 14. What is the remainder when 8 is divided by p(18)?
0
Let r be -1 - 0/2 - -2. Let v = r - -1. Suppose -v*h = -3*h + 2. Calculate the remainder when 4 is divided by h.
0
Let i(y) = y**3 - 4*y**2 + 3*y - 3. Let m be i(4). Let g = 12 - m. Calculate the remainder when 6 is divided by g.
0
Suppose 4*w - 12 = -4. Calculate the remainder when w is divided by 1.
0
Suppose 0 = -4*o - 2 - 2. Let t be 1/(1*(0 + o)). What is the remainder when ((-2)/(-5))/(t/(-75)) is divided by 16?
14
Let a = 5 + -4. Let f be 0 + a + (-1)/1. Suppose 3*k = -f*k + 213. What is the remainder when k is divided by 24?
23
Let x = -5 + 6. Calculate the remainder when 9/3 - 117/(-3) is divided by x/(-4) - (-45)/4.
9
Suppose 0 = 5*n - 62 - 238. Calculate the remainder when (n/18)/((-2)/(-30)) is divided by 17.
16
Suppose 2*s - 2*x - 32 = 0, -2*s + 2 + 42 = 4*x. Calculate the remainder when s is divided by 4.
2
Let c be 1 - 1 - (-67)/1. Let t = c - 17. What is the remainder when t is divided by 26?
24
Let z = -48 - -72. Suppose 0*j + z = 3*j. Calculate the remainder when 23 is divided by j.
7
Let m be (8/(-10))/((-8)/(-80)). What is the remainder when 12/m - (-252)/8 is divided by 8?
6
Let d(v) be the first derivative of 5*v**2 - 3*v - 3. Calculate the remainder when d(6) is divided by 15.
12
Suppose -2*j - 3*z - 9 = 9, 5*j = -4*z - 52. Let x = 21 + j. Calculate the remainder when x is divided by 3.
0
Suppose 4*i - 3 = 1. Suppose -43*c = -45*c + 2. Calculate the remainder when i is divided by c.
0
Let v(i) = 2*i - 11. Let b be v(8). Suppose 24 = b*o - 81. Calculate the remainder when o is divided by 4*(30/8 + -1).
10
Suppose 0 + 3 = f. Suppose 4*p - 6 = f*p. Let x(n) = n**2 - n + 4. What is the remainder when x(4) is divided by p?
4
Let h(i) be the third derivative of -i**4/24 + 4*i**3/3 + 3*i**2. What is the remainder when 1 is divided by h(7)?
0
Let r = 121 - 85. What is the remainder when r is divided by 13?
10
Let b(m) = 42*m**2 + m. Let a = -23 - -30. Let g = 8 + a. What is the remainder when b(1) is divided by g?
13
Suppose 0 = -4*y + 3 + 1. What is the remainder when 21 is divided by y/4 - 47/(-4)?
9
Let j = -190 + 278. Suppose j = i - 5. What is the remainder when i is divided by 24?
21
What is the remainder when ((-36)/28)/(2/(-14)) is divided by 2?
1
Let h(f) = -2*f - 2. Suppose -2*t - 9 - 3 = 0. What is the remainder when h(t) is divided by 3?
1
Let q be (-88)/5 - 3/(-5). Let p = q - -38. What is the remainder when p is divided by 11?
10
Let k = 8 - 3. Suppose 3*m = -t, 2*m = -k*t - 0 + 13. What is the remainder when 9 is divided by t?
0
Let c(n) = -2*n**2 - 8*n + 5. Let h be c(-6). Let q be h/((-15)/12 + 1). Let v = q - 48. Calculate the remainder when v is divided by 10.
8
Let f(x) = 5*x + 11. Let b(p) = -p - 2. Let v(u) = -11*b(u) - 2*f(u). Let y be v(4). Suppose -3*o + y*o = 26. What is the remainder when o is divided by 9?
8
Let i = -1 + 3. Let j be i/(-10) - (-204)/20. What is the remainder when 27 is divided by (-2)/(-1) + 2 + j?
13
What is the remainder when (306/3)/(9/6) is divided by 19?
11
Let p = 72 + -29. Calculate the remainder when p is divided by 30/(3 + -5 - -4).
13
Let r(x) = -x + 5. Let h be r(7). Calculate the remainder when 45 is divided by -6*(-3 - h - 3).
21
Suppose -c = -4*h - 39, 4*h = -c + h + 4. Let z = -157 - -193. What is the remainder when z is divided by c?
17
What is the remainder when 36 is divided by 21/((-3)/(-6) + 4/8)?
15
Let b be 424/(-6)*6/4. Suppose 7 + 49 = 4*v. What is the remainder when (b/(-6))/(2/6) is divided by v?
11
Suppose 0 = -5*h + 5*s + 5, -5*h + 19 = s + s. Suppose 0*m = h*m - 3, t + 4*m = 20. Calculate the remainder when t is divided by 9.
7
Suppose 0 = 4*g - 3*l + 7, 2*g + l + 2*l = 19. Calculate the remainder when (7/g)/(9/18) is divided by 5.
2
Let y = 46 + -42. What is the remainder when 14 is divided by y?
2
Suppose 0 = -3*a + 2*a + 62. Calculate the remainder when a is divided by 32.
30
Let j(o) = -7*o - 1. Suppose -p - f = 0, -2*f + f - 1 = 2*p. Calculate the remainder when 16 is divided by j(p).
4
Suppose 5*x = -4*h - 24, -5*h + 0*x - 30 = -3*x. Let o(a) = -a**2 - 5*a + 4. Let y be o(h). What is the remainder when (-668)/(-44) + y/11 is divided by 6?
3
What is the remainder when 0 - -12 - 6/(-2) is divided by 6?
3
What is the remainder when -1*(-2)/10 + 2020/25 is divided by 14?
11
Suppose -a + 840 = 5*s, 5*a + 14 = -2*s + 4191. Calculate the remainder when 55 is divided by a/30 + (-3)/(-18).
27
Suppose -5*z = -3*z - 36. Let c(b) = 31*b**2 + 2*b + 2. What is the remainder when c(-1) is divided by z?
13
Suppose 0*z + 34 = 2*z. Let s = 35 - z. Calculate the remainder when 51 is divided by s.
15
Let j(f) = f**3 + 6*f**2 - f - 2. Let h(w) = w**3 + 4*w**2 - w + 3. What is the remainder when j(-3) is divided by h(-3)?
13
Suppose -5*z + 18 = 3*r - 1, r + 4*z = -3. Suppose 3*m + 14 = -2*k, 2*k = 6*k - 3*m + 46. Calculate the remainder when r is divided by k*(-2 - 3/(-2)).
3
Let x = 9 + -6. Suppose -z + 3*l - 4 = 0, x*z = -7*l + 2*l + 44. Suppose z*d = 3*d + 30. Calculate the remainder when 11 is divided by d.
5
Let u(n) = n + 38. Let g be u(0). Suppose 40 = 5*q - 5*w, 5*w = -4*q + 7*w + g. What is the remainder when 31 is divided by q?
9
What is the remainder when 10*1 + (-8)/(-4) is divided by 5?
2
Let t = 8 - 3. Suppose h = 2*m - 2*h + 7, 19 = 4*m + t*h. Calculate the remainder when m is divided by 1.
0
Suppose 2*d - n + 0 = 1, d + n = 8. Suppose 0 = -d*h + 2*h + 15. What is the remainder when 28 is divided by -2*h/(-3) + 0?
8
Suppose -v = -4*p, 0 = 3*v + v - 4*p. Suppose 3*b - 26 - 13 = v. What is the remainder when 38 is divided by b?
12
Suppose 7*w - 30 = 5. Suppose w*j + 117 - 282 = 0. Let f = 0 + 9. Calculate the remainder when j is divided by f.
6
Suppose 0*n + 9*n = 171. What is the remainder when 71 is divided by n?
14
Let w = 0 - -4. Suppose -w*b - 5*y - 6 = -3*b, 5*y = b - 14. What is the remainder when 14 is divided by b?
2
Let l = 42 + -25. Let n = 6 + l. What is the remainder when n is divided by 8?
7
Suppose 106 - 550 = -6*x. Calculate the remainder when x is divided by 19.
17
Suppose -3*o + o = -6. Suppose 4*w - 3*t = -12, 2*w - 3*t + 5 + 7 = 0. Let m = 11 - w. What is the remainder when m is divided by o?
2
Let j = 28 + 11. What is the remainder when j is divided by 7?
4
Let g(k) = -5*k - 7. Let l(y) = y**2 - y - 3. Let t be 2/(-6) - 80/12. What is the remainder when l(t) is divided by g(-5)?
17
Calculate the remainder when -6 - 931/(-14) - 1/2 is divided by 13.
8
Suppose -n = -s + 2*s - 25, -2*n + 25 = s. Suppose 0 = 4*o + o - s. Let f = 11 - 8. Calculate the remainder when o is divided by f.
2
Let w(k) be the third derivative of k**4/12 - k**3 + 3*k**2. Let m be w(5). What is the remainder when m/(-10) + (-54)/(-10) is divided by 2?
1
Suppose -8 = 3*t - 62. What is the remainder when 51 is divided by t?
15
Let l(m) = -m. Let p be l(0). Suppose p = -2*a + 4*u + 10, -a + 3*u + 1 = -5. Let w(q) = -q**3 - q**2. What is the remainder when w(-2) is divided by a?
1
Let x(k) = -k**2 - 13*k + 11. Let q be (24/(-20))/(4/(-90)). Suppose 2*p = -q + 3. What is the remainder when 44 is divided by x(p)?
21
Let t = -5 + 10. Suppose 0 = 2*j, -4*v = v + j - 20. What is the remainder when t is divided by (4/(-5))/(v/(-10))?
1
Suppose 2*v - 37 = -2*r + 23, 3*r = -v + 86. Calculate the remainder when 111 is divided by r.
27
Let z(w) = 2*w - 1. Calculate the remainder when z(12) is divided by 6.
5
Suppose 0*o = -o. Suppose 3*q + 1 = -x + 5, -q - 2*x + 3 = o. Calculate the remainder when 1 is divided by q.
0
Let z = -1 - -6. Suppose z*r = 3*r + 50. Calculate the remainder when r is divided by 13.
12
Suppose 24 = 12*w - 10*w. Suppose 4*o - 2*f - 146 = 0, 4*f + 25 = -f. What is the remainder when o is divided by w?
10
Suppose 0 = v + 5*t - 24, 3*t = 3*v - 4*v + 16. Calculate the remainder when 6 is divided by v.
2
Let w = -7 + 34. Calculate the remainder when w is divided by 10.
7
Suppose 3*f - 64 = -5*b, 8 = -3*f - b + 76. Let a = 1 - -4. Let p = 3 + a. Calculate the remainder when f is divided by p.
7
Let g(w) = w**2 - 4*w - 6. Let q = 42 + -24. Suppose -2 + q =